000
In base 13, what is -18a - -4?
-186
In base 14, what is 5 + 9?
10
In base 3, what is 10222 - -2?
11001
In base 4, what is 1211 - 131?
1020
In base 16, what is 4 + ff?
103
In base 13, what is -9 - -4?
-5
In base 4, what is -3 - 1003303?
-1003312
In base 16, what is e3 - -2?
e5
In base 12, what is 168 + 4?
170
In base 8, what is -32223 + -5?
-32230
In base 16, what is -154 + -3?
-157
In base 9, what is 100 + 10?
110
In base 12, what is -5 + 1347?
1342
In base 12, what is 70 + -151?
-a1
In base 9, what is -58 + -37?
-106
In base 11, what is 10545 - 5?
10540
In base 12, what is 1461 - 4?
1459
In base 5, what is 1003 + 0?
1003
In base 12, what is -3 + 357?
354
In base 3, what is 11 + 102100?
102111
In base 15, what is -8 - -18?
10
In base 5, what is 442 + -10?
432
In base 9, what is 14 - 241?
-226
In base 11, what is 5 + -383?
-379
In base 6, what is 5 - -5351?
5400
In base 14, what is 7 - 12?
-9
In base 10, what is -1 - 181?
-182
In base 10, what is -1408 - 1?
-1409
In base 8, what is -24624 - 2?
-24626
In base 14, what is 0 - 17?
-17
In base 14, what is -70 - -90?
20
In base 15, what is -10c + 2?
-10a
In base 13, what is -c8 + -3?
-cb
In base 8, what is 36 - 2?
34
In base 4, what is 101323 - 10?
101313
In base 15, what is -e + -5c?
-6b
In base 6, what is 12 + 2?
14
In base 11, what is 5 + 191?
196
In base 16, what is -2 + -2d7?
-2d9
In base 7, what is -5 - -121?
113
In base 3, what is 102 - 11?
21
In base 2, what is -1011011011 + -10?
-1011011101
In base 13, what is 43 - 7?
39
In base 9, what is 533 + 4?
537
In base 12, what is 9a9 - -2?
9ab
In base 6, what is -2 + -4043?
-4045
In base 16, what is -dc0 - -5?
-dbb
In base 2, what is 1111000100 + -100?
1111000000
In base 3, what is 2221 + -10220?
-222
In base 16, what is -4 - 25e?
-262
In base 8, what is 441 - -3?
444
In base 3, what is -12 + -121?
-210
In base 11, what is -33 - -241?
209
In base 11, what is -75 + -1?
-76
In base 13, what is 24b + 22?
270
In base 11, what is -5 - 933?
-938
In base 4, what is -121 - 230?
-1011
In base 5, what is 224 + -304?
-30
In base 9, what is 56 + -34?
22
In base 12, what is -15 - 11?
-26
In base 7, what is -3 - 245?
-251
In base 16, what is -108 + a?
-fe
In base 9, what is -137 - 6?
-144
In base 13, what is 22 - 3?
1c
In base 2, what is -110 + 1101010?
1100100
In base 3, what is 111221110 + -10?
111221100
In base 10, what is -377 + 1?
-376
In base 8, what is 142 + 6?
150
In base 16, what is 1 - 10e?
-10d
In base 13, what is 6 - -37?
40
In base 13, what is -3 - -5b?
58
In base 15, what is 482 + -3?
47e
In base 11, what is -13753 + -5?
-13758
In base 10, what is -166 + 3?
-163
In base 7, what is 4 + 510?
514
In base 4, what is -120222 - -10?
-120212
In base 9, what is -8 + 1?
-7
In base 2, what is -1 + -111101011?
-111101100
In base 3, what is 22121 + -21?
22100
In base 2, what is -101111 + -100?
-110011
In base 9, what is -377 + 4?
-373
In base 13, what is -58 + 1?
-57
In base 15, what is 1460 - -1?
1461
In base 15, what is a - -1ea?
205
In base 11, what is -1 + -17?
-18
In base 3, what is 10 - -200120?
200200
In base 10, what is 828 - -13?
841
In base 2, what is 101001100 - -10001?
101011101
In base 16, what is -28b + 8?
-283
In base 7, what is 500 + -5?
462
In base 9, what is 2 + -456?
-454
In base 9, what is 244 + 4?
248
In base 2, what is -101 - 101010001?
-101010110
In base 3, what is 121 + 121122?
122020
In base 12, what is 7b6 + -10?
7a6
In base 9, what is -1 - -271?
270
In base 8, what is 451 + -5?
444
In base 3, what is 2102 + -10?
2022
In base 13, what is 4 - 96b?
-967
In base 9, what is 1 - -834?
835
In base 3, what is 12 + -122210?
-122121
In base 13, what is 5 - -17?
1c
In base 9, what is -1 - 848?
-850
In base 4, what is -1 + -1023?
-1030
In base 4, what is -3 + 323221?
323212
In base 3, what is -21 - -1120012?
1112221
In base 2, what is 10000 - 1001110101?
-1001100101
In base 15, what is -b + -ba?
-c6
In base 11, what is -328 - -1?
-327
In base 4, what is 330 - -110?
1100
In base 9, what is 4 + -135?
-131
In base 5, what is -1 - -2034?
2033
In base 15, what is 5 + 36?
3b
In base 6, what is 2311 - 20?
2251
In base 14, what is 0 + -221d?
-221d
In base 12, what is -353 + 0?
-353
In base 6, what is 5 - -111?
120
In base 12, what is 2 + 138?
13a
In base 16, what is c7 + 9?
d0
In base 5, what is 1 - 4103?
-4102
In base 2, what is -111001 - -1?
-111000
In base 5, what is -3022 - -1?
-3021
In base 5, what is 12 - 42441?
-42424
In base 8, what is 5 - -164?
171
In base 9, what is -13 - 15?
-28
In base 14, what is 2 - 112?
-110
In base 5, what is 1001 + 4?
1010
In base 4, what is -1 + -220?
-221
In base 4, what is -130311 - 3?
-130320
In base 12, what is 41b7 + -2?
41b5
In base 10, what is 37 + -12?
25
In base 15, what is -57 + 4?
-53
In base 16, what is 2 + 32f?
331
In base 15, what is 64b + 5?
651
In base 6, what is 141 + 22?
203
In base 2, what is -1100101110 - 101100?
-1101011010
In base 3, what is 100002 - 10?
22222
In base 13, what is 1326 + 5?
132b
In base 10, what is -6 + 4?
-2
In base 10, what is -10 + -62?
-72
In base 16, what is 1b + 3?
1e
In base 11, what is 0 - -314?
314
In base 7, what is 11 + 13?
24
In base 8, what is 144 - -15?
161
In base 8, what is 6356 + -3?
6353
In base 5, what is 344 - 0?
344
In base 3, what is -12 + 11221120?
11221101
In base 15, what is 14b - 1?
14a
In base 8, what is -25624 - 4?
-25630
In base 15, what is -2 - 9b?
-9d
In base 9, what is -2 + 54?
52
In base 9, what is 21 + -6?
14
In base 14, what is -619 + 4?
-615
In base 7, what is 4 + 36?
43
In base 4, what is -10 - 33222?
-33232
In base 15, what is -5 + 1ae?
1a9
In base 9, what is -2 - 263?
-265
In base 15, what is 52 + -1?
51
In base 2, what is 11100 - -1001?
100101
In base 16, what is a + a?
14
In base 6, what is 104 - -1214?
1322
In base 10, what is -706 - 4?
-710
In base 15, what is 3 - 225a?
-2257
In base 13, what is -669 - 5?
-671
In base 15, what is 0 + -b14?
-b14
In base 13, what is -81a + 1?
-819
In base 13, what is 2 - 12a?
-128
In base 8, what is 40125 - 5?
40120
In base 8, what is -51 - -4?
-45
In base 2, what is -10 - 1001111?
-1010001
In base 11, what is -5 - 19?
-23
In base 12, what is -666 - -5?
-661
In base 8, what is 0 - -53?
53
In base 15, what is -531 - -e?
-522
In base 15, what is 5 + -67?
-62
In base 13, what is -2 - 10?
-12
In base 14, what is 34 + 0?
34
In base 3, what is 100020 - -11?
100101
In base 6, what is -1113 + 0?
-1113
In base 8, what is 27 + 157?
206
In base 16, what is -79 + 0?
-79
In base 4, what is -211 + -2?
-213
In base 12, what is -35 - -3?
-32
In base 2, what is 100 + 1001?
1101
In base 2, what is -100 - 11111100011?
-11111100111
In base 7, what is 131 + -14?
114
In base 16, what is -55 + 16?
-3f
In base 12, what is b5 + 31?
126
In base 2, what is 1101011 + -11?
1101000
In base 2, what is 10 + -1110001101?
-1110001011
In base 8, what is 33074 + -2?
33072
In base 7, what is 0 - -123?
123
In base 4, what is -20120 - -2?
-20112
In base 3, what is 200 - -1110?
2010
In base 5, what is 2142 + 0?
2142
In base 10, what is 107 + -74?
33
In base 2, what is -1 + 11?
10
In base 16, what is -2 - c?
-e
In base 15, what is 1 + 1726?
1727
In base 10, what is 28 - -2?
30
In base 2, what is -11110011100 + 1?
-11110011011
In base 14, what is 4 - a?
-6
In base 2, what is -111100 + -10100?
-1010000
In base 14, what is 1103d + 1?
11040
In base 8, what is -24 + -363?
-407
In base 15, what is -5c0 + -3?
-5c3
In base 4, what is -233332 + 10?
-233322
In base 15, what is a + 409?
414
In base 10, what is 521 - 5?
516
In base 13, what is b - 3?
8
In base 10, what is 0 + -277?
-277
In base 12, what is -2 + -192?
-194
In base 2, what is -1000 + 1011111?
1010111
In base 12, what is 7ab - -1?
7b0
In base 2, what is 1 + 11111101110?
11111101111
In base 16, what is 20 + 3?
23
In base 10, what is 83 + -5?
78
In base 14, what is 288 - 3?
285
In base 15, what is -3 - 7e?
-82
In base 3, what is -222100 - -12?
-222011
In base 13, what is 16101 + 1?
16102
In base 12, what is 204 + -3a?
186
In base 3, what is 10020 + -100?
2220
In base 16, what is 50a + -3?
507
In base 15, what is -20b - 5?
-211
In base 13, what is 2 + -b85?
-b83
In base 11, what is a1 + 5?
a6
In base 10, what is -51 - -11?
-40
In base 2, what is -100 - 10001111?
-10010011
In base 7, what is